 is the units digit of c?
4
Let g be 1 + -3 + -2 + 2. Let w be 1*(0 - g*1). Suppose w*q + 20 = 6*q. What is the units digit of q?
5
What is the hundreds digit of 1 + 271 - (10 - 6)*-1?
2
Suppose 9*o - 22 = 8*o. What is the tens digit of o?
2
Let s be (-76)/(-18) - (-8)/(-36). Suppose 7*l - s*l - 3 = 0. What is the units digit of l?
1
Suppose -5*f = -2*h + 664, 3*h + 4*f = f + 954. What is the units digit of h?
2
Suppose 2*t = 4*t. Suppose 4*b - w - 22 = 0, -2*w - w - 6 = t. What is the units digit of b?
5
Suppose -3*v + 60 = v. Suppose g + 3 = 2*f + v, 0 = g - 5*f - 24. Suppose -s + 10 = l, 2*s - 2 = g. What is the units digit of l?
7
Suppose -2*g - 57 = -3*y - 534, -709 = -3*g - 2*y. What is the hundreds digit of g?
2
Suppose 15 = 3*u - 3*q, 18 = 3*u - 0*u - 4*q. Let w(f) = u*f**2 + f**2 - 2*f**2 - 6*f. What is the units digit of w(7)?
7
Let y(v) = -4*v**3 + 4*v**2 + 2*v + 3. Let d(g) = 0*g + g**3 - g**2 - 2*g**3 - 1 - g. Let t(l) = 4*d(l) + y(l). What is the units digit of t(-1)?
9
What is the hundreds digit of 10/(((-2)/(-3))/(688/48))?
2
Suppose 0*u - 3*u + 36 = 0. What is the tens digit of u/16 + 53/4?
1
Let t = -41 - -18. What is the units digit of (-6)/(-10)*(-8 - t)?
9
Let z = -124 + 193. What is the tens digit of z?
6
Let x(t) = 7*t - 1. Suppose 2*k - 5*q = -0*k + 2, q = 5*k - 28. What is the tens digit of x(k)?
4
Let h = 4 + -6. Let s = h + 3. What is the units digit of s?
1
Let s = 4 - 4. Let u(j) = 2*j - 1 + s - 3. What is the units digit of u(5)?
6
Suppose 4*v = 129 - 1. Suppose -3*c = -c - v. What is the units digit of (c/3)/((-6)/(-18))?
6
What is the tens digit of ((-46)/6 + -2)*-3?
2
What is the tens digit of -4 - (1 + -68 + 4)?
5
Suppose -c - 4*c + 20 = 0. Suppose -c*t - 5 - 6 = 5*m, 4*t + 20 = 4*m. Suppose 4*d - m = 19. What is the units digit of d?
5
Let h(q) = -q**3 + 8*q**2 + 11*q - 9. Let s be h(9). Let t = -17 - -12. Let a = t + s. What is the units digit of a?
4
Let v be 59/(-5) - 2/10. What is the units digit of (-2)/(1/(v/4))?
6
Let k = -23 + 58. Suppose -3*c + k = -7. What is the units digit of c?
4
Let n be (-1)/5 + 89/(-5). Let d = 30 + n. What is the tens digit of d?
1
Let f = -7 + 13. Suppose -f*t = -t - 80. What is the units digit of t?
6
Suppose 3*j - 3*c = 2*j + 129, j - 144 = -2*c. What is the hundreds digit of j?
1
Let o(b) = b**2 - 3*b - 7. Suppose 7*v - 3*v = 20. Let i be o(v). Suppose -i*g + 14 - 2 = 0. What is the units digit of g?
4
Let i = -9 - -15. Let u(y) = -2*y - 11. Let z(m) = m + 10. Let v(a) = -3*u(a) - 4*z(a). What is the units digit of v(i)?
5
Let f(u) = 5 - 4 - 2*u + u + 4*u**2 + 2*u + u**3. What is the units digit of f(-3)?
7
Suppose -2*s + 3*s = 40. Suppose l - 5 - 3 = 0. Suppose -3*q + l*q = -4*r + 44, 3*q - s = r. What is the units digit of q?
2
Suppose 2*w + 4*r - 1 = -5, r = -w + 1. Suppose 2*y = -5*l + 23, w*y + 0*y + 5*l - 71 = 0. What is the units digit of y?
4
Suppose -5*x = 3*j - 204, 0 = j + 4 - 2. What is the units digit of x?
2
Let i(r) = -4*r**2 - r - 6. Let f(k) = -k**3 - k - 1. Let w(a) = f(a) - i(a). What is the units digit of w(4)?
5
Let x(y) = -y + 1. Let g be x(-1). Suppose 0*t + 3*t = 0, -g*t - 10 = 5*o. What is the units digit of (-1 - 0)/(o/12)?
6
Suppose 2*m = 2*q + 244, m = 4*q - 5*q + 118. What is the hundreds digit of m?
1
Let y = -5 - -15. Let o = 19 - y. What is the units digit of o?
9
Suppose 2*x + 2 = 4*x. Let o(m) = -m**2 + 3*m + 12. Let g be o(5). What is the tens digit of (7 - -2) + g + x?
1
Let i(v) = -6*v**3 - 4*v**2 - v - 5. What is the units digit of i(-3)?
4
Let y(f) = f**2 + f - 1. Let r(b) = 4*b**2 - 5*b - 5. Let w(s) = r(s) - 5*y(s). What is the units digit of w(-9)?
9
Let a(g) = -7*g**3 - 4*g**2 + 5*g + 7. Let o(m) = 20*m**3 + 12*m**2 - 15*m - 21. Let l(u) = -17*a(u) - 6*o(u). What is the units digit of l(-5)?
7
Let m(t) = -t + 13. What is the units digit of m(6)?
7
Suppose y = -0*y. Suppose y*g - 32 = -4*g. Suppose 2*f - 6 = g. What is the units digit of f?
7
Let k be (3/2)/(3/(-4)). Let w be k/(-6)*(10 + -1). Let p = 3 + w. What is the units digit of p?
6
Let a(l) = 3*l**2 - 6*l + 8. Let w(t) = 4*t**2 - 6*t + 8. Let b(q) = -5*a(q) + 4*w(q). Let x be b(-7). What is the units digit of x*1*(1 + -3)?
2
Let l be 3*(24/(-9))/(-4). Suppose 0 = -x - 5*w - l, 4*x + w + w = -8. Let n = x + 8. What is the units digit of n?
6
Suppose -7*m - 30 = -8*m. What is the tens digit of m?
3
Suppose a - 320 = -61. What is the tens digit of a?
5
Let o(i) = -3*i + 4*i - i - 2*i - 4. What is the units digit of o(-3)?
2
Let a = -6 - -10. What is the units digit of 4/(a*3/84)?
8
Let a = -4 - -6. Suppose 0 = 2*c + u - 9, a*c + 5*u = -0*u + 13. What is the units digit of c?
4
Let a(l) = 7*l. What is the units digit of a(6)?
2
Suppose j + 3*j - 20 = 0. Suppose 4*i + 5*l = 12, 3*l + 15 = j*i + 4*l. Suppose 33 = 4*c - 5*a, 7*a - i*a = 4*c - 28. What is the units digit of c?
2
Suppose -3*h = -h - 4. Suppose 0*k + 2*k = h*j + 2, -4*k = -12. Suppose 11 = j*s + 5*o - 5, -50 = -4*s - o. What is the units digit of s?
3
Let x(m) = m**2 + 4*m - 3*m + 0*m**2. Let j be x(-1). Suppose -2*h + 2 + 6 = j. What is the units digit of h?
4
What is the units digit of (0 - (-8)/20)*90?
6
What is the hundreds digit of (8/4 - -102) + 0/7?
1
Suppose -32 = 5*b + 2*t, 5*b - 8*t = -4*t - 56. Let a = b - -14. What is the units digit of a?
6
What is the units digit of -6*6*3/(-4)?
7
Let a(w) = 19*w**2 - 2*w - 1. Let r be a(-1). Suppose b + b = -3*o + 14, -2*o = 4*b - r. Let z = o - 0. What is the units digit of z?
2
Let f = 5 - 5. Suppose -2*h + 3*v + 24 = -0*v, f = -2*h + 4*v + 26. Let r = -4 + h. What is the units digit of r?
5
Let h be 18/(-15)*10/4. What is the units digit of 25/3 + h/9?
8
Suppose 154 = 5*t + 34. Suppose -3*s + t = -0*s. What is the units digit of s?
8
Let w(q) = -q**3 + 3*q**2 + 3*q. Let n be w(4). Let y(j) = j**3 + 5*j**2 + j - 4. What is the units digit of y(n)?
8
Suppose -15*k + 2635 = -1670. What is the hundreds digit of k?
2
What is the units digit of (3/(-2) - -2)*44?
2
Let h(r) = -4*r + 4. What is the tens digit of h(-10)?
4
Suppose 2*i + 2*i = 0. Suppose -2*g = l - 40, l = 5*g - i*l - 107. Suppose -2*y = -g + 3. What is the units digit of y?
9
Let g = -27 - -31. Suppose 3*i + g*b - 28 = -0, -5*i + b + 62 = 0. What is the units digit of i?
2
Suppose -2*a - 5*a + 63 = 0. What is the units digit of a?
9
Let y = 25 + 17. What is the tens digit of y?
4
Suppose i - 3*a + 12 = 0, 3*i + 4*a + 4 = i. What is the units digit of 4/6 + (-50)/i?
9
Suppose -2*h = -0*h - 5*g - 27, -5*h - 15 = 4*g. Suppose 0 = -l - 2*l + 3. Let s = h + l. What is the units digit of s?
2
Let m(r) = -6*r**3 - r**2. Let c be m(1). Let n = c - -20. What is the units digit of n?
3
Let j(n) = 3*n**2 + 12*n - 1. Let c be j(-8). Suppose -4*b + 121 + 68 = g, -c = -2*b - g. What is the units digit of b?
7
Let w(o) = -o - 5. Let n be w(-8). Suppose -15 + n = -4*i. Suppose 0*b - 8 = -4*b + 4*l, -b + 22 = i*l. What is the units digit of b?
7
Let q(s) = -s**2. Let l(d) = -5*d**2 - 5*d + 6. Let f(a) = l(a) - 6*q(a). What is the units digit of f(4)?
2
Let c be (2 + 22)/1 + -3. Suppose -z = -2*p - 24, 0*z = z - 3*p - c. What is the tens digit of z?
3
Let v(i) = 5*i**2 + 2*i - 3. Let g = 0 - -2. Let w be v(g). Suppose -4*d = 5 - w. What is the units digit of d?
4
Let w(c) = 4*c - 2. Let v be w(-2). Let a = v + 14. What is the units digit of a/6 + 1/3?
1
Let q(c) = 9*c**2 + 5*c - 12. What is the units digit of q(5)?
8
Suppose 11 + 9 = 2*g. Suppose -t = -4*i, -4*i + 2 - g = -3*t. Suppose k + o = -0*k + 3, t*k - 5*o = 48. What is the units digit of k?
7
Let h(g) = 92*g. What is the tens digit of h(1)?
9
Let a be -1*(-1 + 2 + 2). Let v(f) = 2*f**2 - 2*f - 2. Let h be v(-2). Let g = h + a. What is the units digit of g?
7
Let k(j) = j - 4. Let u be k(10). Suppose u*r - 5 = r. Let n(x) = 9*x**3 + x**2. What is the tens digit of n(r)?
1
Let q be (-2)/(-7) + 235/35. Let w = q - -1. Suppose -3*z + 41 - w = 0. What is the units digit of z?
1
Let v = 509 + -155. What is the hundreds digit of v?
3
Let v = -6 + 11. Suppose 0*t - v*t = 0. Suppose 0*s - 5*g = -5*s + 50, t = s - 4*g - 7. What is the tens digit of s?
1
Let u = 28 - 19. Let n = u - 6. Suppose 5*x + 16 = -j + 3*j, n*j - 3*x = 33. What is the units digit of j?
3
Let a = 7 +